0 a factor of 2542937?
False
Is 689596 a multiple of 125?
False
Is 56 a factor of 621656?
True
Is 4154720 a multiple of 920?
True
Does 852 divide 14739701?
False
Does 16 divide 1053600?
True
Is 52 a factor of 110157?
False
Is 1217566 a multiple of 7?
True
Is 1829146 a multiple of 14?
False
Does 14 divide 855344?
True
Does 1023 divide 668668?
False
Is 4520928 a multiple of 9?
False
Is 7309608 a multiple of 453?
True
Is 9 a factor of 78714?
True
Is 7 a factor of 355051?
False
Is 119395 a multiple of 74?
False
Is 148392 a multiple of 324?
True
Is 235 a multiple of 11?
False
Does 104 divide 901043?
False
Does 7 divide 403389?
True
Is 478906 a multiple of 23?
True
Is 46728 a multiple of 33?
True
Does 37 divide 83788?
False
Is 19637 a multiple of 9?
False
Is 1045932 a multiple of 129?
True
Is 1837220 a multiple of 4?
True
Is 93569 a multiple of 105?
False
Does 29 divide 789626?
False
Is 15 a factor of 720300?
True
Is 477171 even?
False
Does 190 divide 5765930?
True
Does 20 divide 1524120?
True
Is 4 a factor of 99952?
True
Does 192 divide 222081?
False
Is 772 a factor of 6074771?
False
Is 6 a factor of 37711?
False
Is 94410 a multiple of 17?
False
Is 140440 a multiple of 121?
False
Is 25 a factor of 800?
True
Does 162 divide 1747576?
False
Is 135300 a multiple of 41?
True
Is 108 a factor of 97200?
True
Is 4492071 a multiple of 17?
False
Does 4 divide 5819008?
True
Is 1523209 a multiple of 430?
False
Is 411480 a multiple of 18?
True
Does 31 divide 6087003?
False
Is 2591571 a multiple of 1633?
True
Is 282800 a multiple of 101?
True
Does 271 divide 558741?
False
Is 5372649 a multiple of 27?
True
Does 75 divide 506325?
True
Is 18 a factor of 17901162?
True
Is 49104 a multiple of 24?
True
Is 64 a factor of 368128?
True
Is 30 a factor of 1740?
True
Is 604 a factor of 2363181?
False
Is 1455234 a multiple of 1297?
True
Is 414086 a multiple of 492?
False
Does 14 divide 2123760?
False
Does 32 divide 121578?
False
Is 133509 a multiple of 216?
False
Is 152 a factor of 472112?
True
Is 32377 a multiple of 122?
False
Does 109 divide 2539155?
True
Is 62 a factor of 380742?
True
Does 28 divide 1908482?
False
Does 33 divide 742698?
True
Does 299 divide 525999?
False
Is 1921526 a multiple of 30?
False
Does 16 divide 340269?
False
Does 340 divide 32340?
False
Is 14 a factor of 9042?
False
Is 142 a factor of 6037130?
True
Does 8 divide 479688?
True
Is 72 a factor of 2491056?
True
Is 201462 a multiple of 3?
True
Is 781063 a multiple of 113?
False
Is 246015 a multiple of 165?
True
Is 1914840 a multiple of 40?
True
Is 9 a factor of 647429?
False
Is 88 a factor of 4164006?
False
Is 15751553 a multiple of 2256?
False
Does 106 divide 30464?
False
Is 1107843 a multiple of 23?
False
Is 351 a factor of 12698082?
False
Is 4653755 a multiple of 22?
False
Is 25 a factor of 1621993?
False
Is 231441 a multiple of 103?
True
Is 194 a factor of 2628909?
False
Is 59 a factor of 174761?
False
Is 1524691 a multiple of 67?
False
Is 2649375 a multiple of 625?
True
Is 222 a factor of 4176930?
True
Is 17 a factor of 164561?
False
Is 31 a factor of 64182?
False
Is 130 a factor of 322913?
False
Is 722130 a multiple of 451?
False
Is 19 a factor of 2952429?
True
Is 50 a factor of 1258450?
True
Is 157832 a multiple of 4?
True
Does 3 divide 17393?
False
Is 525956 a multiple of 48?
False
Does 37 divide 10855282?
True
Does 21 divide 35973?
True
Does 4 divide 4145552?
True
Does 52 divide 247104?
True
Is 4078305 a multiple of 321?
True
Is 12 a factor of 223896?
True
Does 16 divide 9709620?
False
Is 163 a factor of 5584568?
False
Does 7 divide 8515234?
True
Is 46 a factor of 1526897?
False
Does 59 divide 5031815?
True
Is 16021540 a multiple of 721?
False
Does 32 divide 5771?
False
Is 155 a factor of 2765944?
False
Is 12 a factor of 465828?
True
Does 25 divide 99609?
False
Does 13 divide 123421?
False
Does 40 divide 59600?
True
Does 37 divide 15919?
False
Does 11 divide 11331202?
False
Does 272 divide 346910?
False
Is 762182 a multiple of 4?
False
Is 470 a factor of 489270?
True
Is 7505131 a multiple of 15?
False
Is 79220 a multiple of 85?
True
Does 29 divide 138436?
False
Is 5033529 a multiple of 677?
False
Is 191 a factor of 427423?
False
Is 154 a factor of 13711?
False
Is 295 a factor of 454015?
False
Is 393 a factor of 2701089?
True
Does 397 divide 270325?
False
Is 58 a factor of 161704?
True
Does 276 divide 10684788?
True
Does 11 divide 16231797?
False
Is 1566710 a multiple of 215?
False
Is 234168 a multiple of 12?
True
Is 262 a factor of 4050258?
True
Is 253 a factor of 8951514?
False
Is 4455970 a multiple of 1812?
False
Is 37497 a multiple of 22?
False
Does 12 divide 11147379?
False
Does 44 divide 626648?
True
Does 11 divide 450835?
True
Is 240 a factor of 291194?
False
Does 16 divide 210848?
True
Is 142895 a multiple of 25?
False
Does 9 divide 111121?
False
Is 482 a factor of 65714?
False
Does 106 divide 172250?
True
Does 32 divide 135104?
True
Does 466 divide 1838370?
True
Is 1718699 a multiple of 181?
False
Does 85 divide 4242989?
False
Does 101 divide 327947?
True
Is 274842 a multiple of 31?
False
Does 353 divide 152531?
False
Is 875512 a multiple of 44?
True
Is 196 a factor of 3469200?
True
Is 6 a factor of 79121?
False
Does 112 divide 2264640?
True
Is 2432186 a multiple of 26?
False
Does 133 divide 210938?
True
Does 1331 divide 3881565?
False
Is 176 a factor of 466224?
True
Is 254925 a multiple of 15?
True
Is 4 a factor of 1088048?
True
Is 104 a factor of 568776?
True
Is 178610 a multiple of 265?
True
Is 755808 a multiple of 545?
False
Does 19 divide 1680132?
True
Is 22418 a multiple of 22?
True
Is 850520 a multiple of 22?
True
Does 158 divide 1304922?
True
Is 22 a factor of 2987?
False
Does 35 divide 2661015?
True
Is 30 a factor of 2988927?
False
Is 12 a factor of 1419108?
True
Is 112 a factor of 9601760?
True
Is 120986 a multiple of 122?
False
Does 34 divide 205645?
False
Does 2 divide 87232?
True
Is 632145 a multiple of 39?
False
Is 213 a factor of 122338?
False
Is 7 a factor of 425891?
False
Is 84830 a multiple of 25?
False
Is 239 a factor of 142648?
False
Is 806625 a multiple of 13?
False
Is 59 a factor of 1134216?
True
Does 89 divide 48149?
True
Is 137904 a multiple of 48?
True
Does 356 divide 5608068?
True
Is 70 a factor of 2842262?
False
Does 314 divide 3173537?
False
Does 159 divide 2445102?
True
Is 762012 a multiple of 43?
False
Is 251955 a multiple of 165?
True
Is 340 a factor of 11493360?
True
Is 28 a factor of 286328?
True
Is 203420 a multiple of 4?
True
Does 52 divide 447356?
True
Does 43 divide 774129?
True
Does 32 divide 168704?
True
Does 2 divide 15140?
True
Does 46 divide 48540?
False
Is 361 a factor of 1380825?
True
Is 8998509 a multiple of 14?
False
Is 2472384 a multiple of 5?
False
Does 11 divide 3043315?
True
Does 344 divide 5214696?
True
Is 72896 a multiple of 541?
False
Does 15 divide 46009957?
False
Is 16 a factor of 46032?
True
Is 90804 a multiple of 12?
True
Is 3281235 a multiple of 599?
False
Does 17 divide 1368477?
False
Is 107 a factor of 2581838?
False
Is 177480 a multiple of 41?
False
Is 3765588 a multiple of 319?
False
Is 60704 a multiple of 8?
True
Is 12 a factor of 282204?
True
Is 42 a factor of 8985228?
True
Is 640020 a multiple of 60?
True
Does 1022 divide 2024387?
False
Does 27 divide 66798?
True
Is 6885451 a multiple of 24?
False
Is 15 a factor of 40043?
False
Does 12 divide 12720983?
False
Does 23 divide 3915725?
False
Is 12 a factor of 9304?
False
Does 2 divide 48892?
True
Does 95 divide 237690?
True
Is 912236 a multiple of 91?
False
Is 188298 a multiple of 27?
True
Does 41 divide 160995?
False
Is 117937 a multiple of 24?
False
Is 104 a factor of 2326647?
False
Is 536112 a multiple of 438?
True
Is 138885 a multiple of 197?
True
Does 62 divide 150191?
False
Is 880 a factor of 17160122?
False
Is 106340 a multiple of 13?
True
Is 19 a factor of 2889787?
False
Is 26 a factor of 1655795?
False
Does 334 divide 10086466?
True
Is 176 a factor of 479435?
False
Is 3895110 a multiple of 565?
True
Does 401 divide 586262?
True
Is 8405280 a multiple of 18?
True
Is 345420 a multiple of 30?
True
Is 66029 a multiple of 7?
False
Is 209669 a multiple of 27?
False
Is 120864 a multiple of 27?
False
Is 56528 a multiple of 8?
True
Is 103602 a multiple of 157?
False
Is 390